{"id":521,"date":"2023-09-20T04:52:00","date_gmt":"2023-09-20T02:52:00","guid":{"rendered":"https:\/\/exportala.com\/?page_id=521"},"modified":"2023-09-20T04:58:12","modified_gmt":"2023-09-20T02:58:12","slug":"quienes-somos","status":"publish","type":"page","link":"https:\/\/exportala.com\/index.php\/quienes-somos\/","title":{"rendered":"qui\u00e9nes somos"},"content":{"rendered":"\t\t<div data-elementor-type=\"wp-page\" data-elementor-id=\"521\" class=\"elementor elementor-521\">\n\t\t\t\t\t\t\t<div class=\"elementor-element elementor-element-65cdbc9 e-flex e-con-boxed e-con e-parent\" data-id=\"65cdbc9\" data-element_type=\"container\" data-settings=\"{&quot;content_width&quot;:&quot;boxed&quot;}\" data-core-v316-plus=\"true\">\n\t\t\t\t\t<div class=\"e-con-inner\">\n\t\t<div class=\"elementor-element elementor-element-e8786a4 e-con-full e-flex e-con e-child\" data-id=\"e8786a4\" data-element_type=\"container\" data-settings=\"{&quot;content_width&quot;:&quot;full&quot;}\">\n\t\t\t\t<div class=\"elementor-element elementor-element-951e00d elementor-widget elementor-widget-image\" data-id=\"951e00d\" data-element_type=\"widget\" data-widget_type=\"image.default\">\n\t\t\t\t<div class=\"elementor-widget-container\">\n\t\t\t<style>\/*! elementor - v3.16.0 - 14-09-2023 *\/\n.elementor-widget-image{text-align:center}.elementor-widget-image a{display:inline-block}.elementor-widget-image a img[src$=\".svg\"]{width:48px}.elementor-widget-image img{vertical-align:middle;display:inline-block}<\/style>\t\t\t\t\t\t\t\t\t\t\t\t<img decoding=\"async\" loading=\"lazy\" width=\"800\" height=\"200\" src=\"https:\/\/exportala.com\/wp-content\/uploads\/2023\/09\/1516954930240.jpg\" class=\"attachment-large size-large wp-image-523\" alt=\"exportala\" srcset=\"https:\/\/exportala.com\/wp-content\/uploads\/2023\/09\/1516954930240.jpg 800w, https:\/\/exportala.com\/wp-content\/uploads\/2023\/09\/1516954930240-300x75.jpg 300w, https:\/\/exportala.com\/wp-content\/uploads\/2023\/09\/1516954930240-768x192.jpg 768w\" sizes=\"(max-width: 800px) 100vw, 800px\" \/>\t\t\t\t\t\t\t\t\t\t\t\t\t\t\t<\/div>\n\t\t\t\t<\/div>\n\t\t\t\t<\/div>\n\t\t<div class=\"elementor-element elementor-element-ba63e26 e-con-full e-flex e-con e-child\" data-id=\"ba63e26\" data-element_type=\"container\" data-settings=\"{&quot;content_width&quot;:&quot;full&quot;}\">\n\t\t\t\t<div class=\"elementor-element elementor-element-da148e6 elementor-widget elementor-widget-heading\" data-id=\"da148e6\" data-element_type=\"widget\" data-widget_type=\"heading.default\">\n\t\t\t\t<div class=\"elementor-widget-container\">\n\t\t\t<style>\/*! elementor - v3.16.0 - 14-09-2023 *\/\n.elementor-heading-title{padding:0;margin:0;line-height:1}.elementor-widget-heading .elementor-heading-title[class*=elementor-size-]>a{color:inherit;font-size:inherit;line-height:inherit}.elementor-widget-heading .elementor-heading-title.elementor-size-small{font-size:15px}.elementor-widget-heading .elementor-heading-title.elementor-size-medium{font-size:19px}.elementor-widget-heading .elementor-heading-title.elementor-size-large{font-size:29px}.elementor-widget-heading .elementor-heading-title.elementor-size-xl{font-size:39px}.elementor-widget-heading .elementor-heading-title.elementor-size-xxl{font-size:59px}<\/style><h2 class=\"elementor-heading-title elementor-size-default\">Qui\u00e9nes somos para ti<\/h2>\t\t<\/div>\n\t\t\t\t<\/div>\n\t\t\t\t<\/div>\n\t\t\t\t\t<\/div>\n\t\t\t\t<\/div>\n\t\t<div class=\"elementor-element elementor-element-1d1690c e-flex e-con-boxed e-con e-parent\" data-id=\"1d1690c\" data-element_type=\"container\" data-settings=\"{&quot;content_width&quot;:&quot;boxed&quot;}\" data-core-v316-plus=\"true\">\n\t\t\t\t\t<div class=\"e-con-inner\">\n\t\t\t\t<div class=\"elementor-element elementor-element-a8ee582 elementor-widget elementor-widget-text-editor\" data-id=\"a8ee582\" data-element_type=\"widget\" data-widget_type=\"text-editor.default\">\n\t\t\t\t<div class=\"elementor-widget-container\">\n\t\t\t<style>\/*! elementor - v3.16.0 - 14-09-2023 *\/\n.elementor-widget-text-editor.elementor-drop-cap-view-stacked .elementor-drop-cap{background-color:#69727d;color:#fff}.elementor-widget-text-editor.elementor-drop-cap-view-framed .elementor-drop-cap{color:#69727d;border:3px solid;background-color:transparent}.elementor-widget-text-editor:not(.elementor-drop-cap-view-default) .elementor-drop-cap{margin-top:8px}.elementor-widget-text-editor:not(.elementor-drop-cap-view-default) .elementor-drop-cap-letter{width:1em;height:1em}.elementor-widget-text-editor .elementor-drop-cap{float:left;text-align:center;line-height:1;font-size:50px}.elementor-widget-text-editor .elementor-drop-cap-letter{display:inline-block}<\/style>\t\t\t\t<p>Bienvenidos a EXPORTALA, l\u00edderes en la exportaci\u00f3n de caf\u00e9 de alta calidad y la importaci\u00f3n de maquinaria especializada para la producci\u00f3n de caf\u00e9. Desde nuestro inicio, hemos sido guardianes de la tradici\u00f3n cafetera colombiana, trabajando con los mejores granos provenientes de regiones como Huila, Tolima, Risaralda, Quind\u00edo y Nari\u00f1o.<\/p>\t\t\t\t\t\t<\/div>\n\t\t\t\t<\/div>\n\t\t\t\t\t<\/div>\n\t\t\t\t<\/div>\n\t\t<div class=\"elementor-element elementor-element-2d1a086 e-flex e-con-boxed e-con e-parent\" data-id=\"2d1a086\" data-element_type=\"container\" data-settings=\"{&quot;content_width&quot;:&quot;boxed&quot;}\" data-core-v316-plus=\"true\">\n\t\t\t\t\t<div class=\"e-con-inner\">\n\t\t\t\t<div class=\"elementor-element elementor-element-2469668 elementor-widget elementor-widget-text-editor\" data-id=\"2469668\" data-element_type=\"widget\" data-widget_type=\"text-editor.default\">\n\t\t\t\t<div class=\"elementor-widget-container\">\n\t\t\t\t\t\t\t<h3>Nuestros Servicios<\/h3><ul><li>Exportaci\u00f3n de Caf\u00e9: Ofrecemos distintas variedades de caf\u00e9 verde y tostado, con calidades que var\u00edan desde UGQ hasta Excelso Premium.<\/li><li>Importaci\u00f3n de Maquinaria: Suministramos equipos de alta tecnolog\u00eda para la producci\u00f3n de caf\u00e9, asegurando eficiencia y sostenibilidad en el proceso de fabricaci\u00f3n.<\/li><\/ul>\t\t\t\t\t\t<\/div>\n\t\t\t\t<\/div>\n\t\t\t\t\t<\/div>\n\t\t\t\t<\/div>\n\t\t<div class=\"elementor-element elementor-element-5bafaae e-flex e-con-boxed e-con e-parent\" data-id=\"5bafaae\" data-element_type=\"container\" data-settings=\"{&quot;content_width&quot;:&quot;boxed&quot;}\" data-core-v316-plus=\"true\">\n\t\t\t\t\t<div class=\"e-con-inner\">\n\t\t\t\t<div class=\"elementor-element elementor-element-9b732ef elementor-widget elementor-widget-text-editor\" data-id=\"9b732ef\" data-element_type=\"widget\" data-widget_type=\"text-editor.default\">\n\t\t\t\t<div class=\"elementor-widget-container\">\n\t\t\t\t\t\t\t<h3>Calidad del Caf\u00e9 Colombiano<\/h3><p>El caf\u00e9 colombiano es reconocido mundialmente por su calidad y sabor \u00fanico. En EXPORTALA, trabajamos exclusivamente con granos que cumplen con los est\u00e1ndares m\u00e1s altos, muchos de los cuales alcanzan puntuaciones de taza de 80 a 86 puntos.<\/p>\t\t\t\t\t\t<\/div>\n\t\t\t\t<\/div>\n\t\t\t\t\t<\/div>\n\t\t\t\t<\/div>\n\t\t<div class=\"elementor-element elementor-element-a775d95 e-flex e-con-boxed e-con e-parent\" data-id=\"a775d95\" data-element_type=\"container\" data-settings=\"{&quot;content_width&quot;:&quot;boxed&quot;}\" data-core-v316-plus=\"true\">\n\t\t\t\t\t<div class=\"e-con-inner\">\n\t\t\t\t<div class=\"elementor-element elementor-element-319aefa elementor-widget elementor-widget-text-editor\" data-id=\"319aefa\" data-element_type=\"widget\" data-widget_type=\"text-editor.default\">\n\t\t\t\t<div class=\"elementor-widget-container\">\n\t\t\t\t\t\t\t<h3>Nuestra Misi\u00f3n y Visi\u00f3n<\/h3><p><strong>Misi\u00f3n<\/strong>: Proveer caf\u00e9 de alta calidad y maquinaria especializada, fortaleciendo la industria cafetera en Colombia y el mundo. <br \/><strong>Visi\u00f3n<\/strong>: Ser la empresa l\u00edder en exportaciones de caf\u00e9 y soluciones tecnol\u00f3gicas para la producci\u00f3n cafetera.<\/p>\t\t\t\t\t\t<\/div>\n\t\t\t\t<\/div>\n\t\t\t\t\t<\/div>\n\t\t\t\t<\/div>\n\t\t\t\t\t\t\t<\/div>\n\t\t","protected":false},"excerpt":{"rendered":"<p>Qui\u00e9nes somos para ti Bienvenidos a EXPORTALA, l\u00edderes en la exportaci\u00f3n de caf\u00e9 de alta calidad y la importaci\u00f3n de maquinaria especializada para la producci\u00f3n de caf\u00e9. Desde nuestro inicio, hemos sido guardianes de la tradici\u00f3n cafetera colombiana, trabajando con los mejores granos provenientes de regiones como Huila, Tolima, Risaralda, Quind\u00edo y Nari\u00f1o. Nuestros Servicios &hellip;<\/p>\n<p class=\"read-more\"> <a class=\"\" href=\"https:\/\/exportala.com\/index.php\/quienes-somos\/\"> <span class=\"screen-reader-text\">qui\u00e9nes somos<\/span> Read More &raquo;<\/a><\/p>\n","protected":false},"author":1,"featured_media":0,"parent":0,"menu_order":0,"comment_status":"closed","ping_status":"closed","template":"","meta":{"site-sidebar-layout":"no-sidebar","site-content-layout":"page-builder","ast-site-content-layout":"full-width-container","site-content-style":"default","site-sidebar-style":"default","ast-global-header-display":"","ast-banner-title-visibility":"","ast-main-header-display":"","ast-hfb-above-header-display":"","ast-hfb-below-header-display":"","ast-hfb-mobile-header-display":"","site-post-title":"disabled","ast-breadcrumbs-content":"","ast-featured-img":"disabled","footer-sml-layout":"","theme-transparent-header-meta":"","adv-header-id-meta":"","stick-header-meta":"","header-above-stick-meta":"","header-main-stick-meta":"","header-below-stick-meta":"","astra-migrate-meta-layouts":"set","footnotes":""},"_links":{"self":[{"href":"https:\/\/exportala.com\/index.php\/wp-json\/wp\/v2\/pages\/521"}],"collection":[{"href":"https:\/\/exportala.com\/index.php\/wp-json\/wp\/v2\/pages"}],"about":[{"href":"https:\/\/exportala.com\/index.php\/wp-json\/wp\/v2\/types\/page"}],"author":[{"embeddable":true,"href":"https:\/\/exportala.com\/index.php\/wp-json\/wp\/v2\/users\/1"}],"replies":[{"embeddable":true,"href":"https:\/\/exportala.com\/index.php\/wp-json\/wp\/v2\/comments?post=521"}],"version-history":[{"count":5,"href":"https:\/\/exportala.com\/index.php\/wp-json\/wp\/v2\/pages\/521\/revisions"}],"predecessor-version":[{"id":527,"href":"https:\/\/exportala.com\/index.php\/wp-json\/wp\/v2\/pages\/521\/revisions\/527"}],"wp:attachment":[{"href":"https:\/\/exportala.com\/index.php\/wp-json\/wp\/v2\/media?parent=521"}],"curies":[{"name":"wp","href":"https:\/\/api.w.org\/{rel}","templated":true}]}}